 the highest common divisor of z and 18.
18
Let n(t) = t**2 + 8*t + 15. Let i be n(-5). Suppose -d - f + 6*f = -8, -d - 5*f + 18 = i. What is the highest common factor of d and 26?
13
Suppose 0 = -17*b + 9*b + 3*n + 1055, 5*n = 2*b - 285. Calculate the greatest common divisor of b and 40.
10
Suppose 2*f - 27 = -f. Let c be f/3 + (5 - -5). Calculate the highest common divisor of c and 117.
13
Let g(m) = 10*m - 3*m + 0*m - 4*m + 5*m**2 - 4. Let s be g(-3). What is the highest common factor of 4 and s?
4
Let l be 12/(-18)*(-30)/(-4) - -140. Calculate the greatest common divisor of 315 and l.
45
Let w be -4 - (-6)/12*110. What is the highest common divisor of w and 663?
51
Let k be 8*(14 + 3 + -10). Calculate the greatest common factor of k and 104.
8
Let c = 9 - 45. Let u be (c/5)/(21/(-70)). Suppose -2*z + 3 + 3 = 0. What is the highest common divisor of u and z?
3
Suppose 25*r = 23*r - 4. Let k be 52/(-65)*(-45)/r. Let n = k + 25. What is the greatest common factor of n and 21?
7
Let l = -20 - -46. Let q = l - 28. Let x be q + (7 - (0 - 2)). Calculate the highest common divisor of x and 28.
7
Suppose -14 = 3*f - 98. Calculate the greatest common divisor of f and 56.
28
Let g(r) = 6*r + 2. Let d be g(2). Suppose 0 = -84*c + 82*c + 308. What is the highest common divisor of c and d?
14
Suppose -5*n = 4*u - 120, -5*n - 2*u = 38 - 158. What is the greatest common factor of 24 and n?
24
Let v be (-561)/(-21) + 2/7. Suppose -8*n + 35 = -3*n. Suppose -w = -3, -3*k + 5*w - n*w + 15 = 0. What is the greatest common divisor of k and v?
3
Let d(k) = 2*k + 7. Let z be d(-7). Let b = -7 - z. Suppose b*g + 72 = g. Calculate the highest common factor of g and 48.
24
Let o(v) = -v**3 - 4*v**2 + 4*v - 50. Let z be o(-7). Calculate the highest common factor of 46 and z.
23
Let k(p) = 2*p**2 + 4*p + 14. Let w be (13 - -1)/(-1*2). Let q be k(w). What is the highest common factor of q and 7?
7
Suppose -2*x - 2 = 0, 5*x + 182 + 15 = 4*j. Calculate the greatest common factor of j and 432.
48
Let v be (-1 - -6)*(-133)/(-95) + 1. What is the highest common factor of 66 and v?
2
Let t(j) = -10*j + 4. Let w(f) = -f**3 + 2 - 3*f**2 + 11*f**2 - 4*f - 4*f. Let k be w(7). Let r be t(k). Calculate the greatest common factor of r and 18.
18
Let z = -37 - -39. Let b be (4 - z)/(9 + -7). Suppose -3 = -x + b. What is the highest common divisor of x and 36?
4
Suppose 26 = 2*u + 16. Calculate the greatest common divisor of 125 and u.
5
Let y(h) = h**3 - 9*h**2 - 13*h + 23. Let z be y(10). Let c(d) = -d**2 - 10*d - 17. Let g be c(z). What is the highest common factor of 2 and g?
2
Suppose 3*i + 2*z = 369, -i + 102 = z - 20. What is the highest common divisor of i and 175?
25
Let v(w) = w**3 - 20*w**2 + 51*w - 107. Let k be v(20). What is the greatest common factor of k and 33?
11
Let p(l) = l**2 - 3*l + 3. Let f be (1/3)/(5/45). Let z be p(f). Let t be (-2*-1*1)/((-234)/(-351)). Calculate the greatest common factor of t and z.
3
Let y = -16 + 48. Suppose 5*d - 3*c = y, -2*c - c = 4*d - 31. What is the highest common divisor of 161 and d?
7
Let r = -1 - -3. Suppose -2*q = r*q - 80. Suppose 2*b - 2*v = 0, 5 = b - 5*v + 25. Calculate the highest common divisor of b and q.
5
Suppose -27*f = -22*f - 50. Suppose -3*h + 4*y + 4 = -f, 0 = 2*h + 5*y - 17. What is the highest common divisor of 42 and h?
6
Let q = 234 + -178. Suppose -4*a = 4*g + a - 38, 2*g - 4*a - 6 = 0. Calculate the greatest common factor of q and g.
7
Let i = -66 + 68. Suppose i*l + 4*t - 20 = -0, -5*t - 65 = -5*l. Calculate the highest common divisor of 24 and l.
12
Suppose 2*h + c + 88 = 3*h, 0 = 5*h + c - 464. Suppose -h - 16 = -3*a. Let r(q) = 4*q**2 + q. Let j be r(2). Calculate the highest common divisor of a and j.
18
Suppose 0 = -3*o + 15. Suppose 5*f - n = 3*n + 92, o*f = 5*n + 95. Let r be ((-21)/(-4))/(6/f). Calculate the highest common divisor of r and 56.
14
Let b be -4 + (-2 - 1) + 3. Let i = 15 + b. Suppose -2*x - 5*l = -134, 4*l = 2*x + l - 166. Calculate the highest common divisor of i and x.
11
Suppose -5*r + 365 = 4*k, -k - 2*r - 11 = -103. Calculate the highest common divisor of k and 18.
18
Let t = -29 - -30. Let m be (-5 - -17) + 0/t. Let s = m - 0. What is the greatest common divisor of 12 and s?
12
Let j be -2 + (0 - 0) - 17. Let u = -9 - j. Let y be (-11)/((-22)/228) - (6 + -2). What is the greatest common factor of u and y?
10
Suppose -956*m + 953*m + 8151 = 0. What is the highest common divisor of m and 11?
11
Suppose -1026 = -2*p + 3*k - 2*k, 5*p + 5*k - 2550 = 0. What is the greatest common factor of 32 and p?
32
Let f(z) = -2*z**3 + 2*z + 2. Let l be f(-2). Suppose 5*p + 37 = 2*g, 3*g = 2*p - 0*g + 6. Let a = p + l. Calculate the highest common factor of 5 and a.
5
Let y = 27 - 17. Calculate the highest common factor of 25 and y.
5
Let v = 117 - 117. Suppose 12*r - 498 - 90 = v. What is the highest common factor of 49 and r?
49
Let l = -25 + 31. Suppose -3*f = 3*b - 66, 2*b - 56 = -4*f + l*b. What is the highest common divisor of 12 and f?
6
Suppose 1960 = 50*k - 45*k. Suppose -4*r + 218 = -2*c, 3*c = -5*r + 2*c + 283. What is the greatest common factor of r and k?
56
Let n(v) = -v**2 + 21*v - 14. Let t be n(20). Suppose -2*a = t*a - 224. Calculate the greatest common factor of a and 140.
28
Suppose 37 = 3*r + 13. Suppose 3*c - 111 = -5*p, -4*c + 95 + 30 = -p. What is the greatest common divisor of c and r?
8
Let j be 3 + (3/6 - 1)*-6. Calculate the highest common divisor of 66 and j.
6
Let q(h) = h**3 + 11*h**2 + 18*h + 17. Let y be q(-4). What is the greatest common divisor of 6 and y?
3
Suppose 0 = 4*y - 3*y - 2*u - 92, 3*y - 284 = 2*u. Calculate the greatest common factor of 264 and y.
24
Suppose 2*n - n + v - 145 = 0, 4 = 4*v. Calculate the highest common divisor of 104 and n.
8
Suppose -3*o + 0*r + 3*r = -48, 0 = -3*r + 12. Calculate the greatest common divisor of 32 and o.
4
Let t = 20 + -5. Suppose 4*q = -p + 27, q - 60 = -5*p + 6*q. Calculate the highest common divisor of t and p.
15
Let c be (-8)/(-10)*(-15)/6 + 54. What is the greatest common factor of c and 416?
52
Suppose 5*h - 3*j - 6 = 0, -4*h + 3*h = 2*j - 9. Suppose 0 = h*o + 5*z - 91, -3*o + 0*o - 2*z = -94. What is the greatest common divisor of 96 and o?
32
Let z = 3 + 27. Suppose 25*y - z*y = -190. What is the highest common factor of y and 19?
19
Let s(m) = -m**2 - 79*m + 276. Let r be s(-79). Calculate the highest common divisor of r and 253.
23
Let p be ((-28)/21)/((-4)/9). What is the greatest common factor of p and 1?
1
Let q(h) = h**3 - 8*h**2 + 8*h + 11. Let t be q(7). Suppose -a + 9 = -0*a. Let l = a - 3. Calculate the highest common factor of l and t.
6
Let t be -2*(-1 - 0/(-5)). Let r be t*(2 + -3 + 25). What is the greatest common divisor of r and 12?
12
Let c(a) = 3*a + 12*a**2 + 8*a**2 - a. Let r be c(-1). Calculate the highest common factor of r and 27.
9
Let d be (0 - (-189)/3) + -3. Let l be d/(-4)*(-1)/3. Suppose -2 = l*i - 7. Calculate the highest common factor of 5 and i.
1
Let n be 13 + 1 + 0/(-3). Let m = 81 - 61. Suppose 8 = s - m. Calculate the highest common divisor of n and s.
14
Let q(j) = -j**3 - 18*j**2 + 20*j + 338. Let h be q(-22). Calculate the highest common factor of h and 14.
14
Let p be 60/(-135) - 368/(-18). Calculate the greatest common divisor of p and 5.
5
Suppose -3*l - 57 = 3. Let t = 34 + l. What is the greatest common factor of 7 and t?
7
Let r = -3 - -6. Let b = 5 - r. Let o be (b + -9)*(-8)/4. Calculate the greatest common divisor of 154 and o.
14
Let o(u) = -u**3 + 6*u**2 + 13*u - 15. Let m be o(6). What is the greatest common divisor of 1071 and m?
63
Suppose 16 = 3*a + 7. Suppose a*o = -o. Suppose o = 3*u - 5*u + 54. Calculate the greatest common divisor of 135 and u.
27
Suppose 0 = 3*o - 829 - 500. Suppose 4*k + o = 3*b, -b - k + 76 + 81 = 0. Calculate the greatest common divisor of b and 9.
9
Let m be 107/7 + 4/(-14). Let y be (-4769)/190 - -25 - (2 - (-963)/(-30)). What is the greatest common divisor of y and m?
15
Let c = 146 - 104. Let s(i) = -i + 4. Let y be s(-4). Let l(r) = 7*r + 7. Let p be l(y). What is the highest common divisor of c and p?
21
Let v = -28 - -28. Let j(z) = -z + 25. Let n be j(v). Calculate the highest common divisor of 175 and n.
25
Let a = 2